divided by p.
13
Suppose 0 = -n + 6*n + 4*x - 103, 0 = -4*n + 3*x + 101. Let y be (-170)/(-4) - (3 - 21/6). Calculate the remainder when 2 + y - 4/2 is divided by n.
20
Let w = 12 + -3. Let d(m) = -m**2 - 3*m + 5. Let q be d(-4). What is the remainder when 2 + 0 + 32 - q is divided by w?
6
Let n be (18/21)/(14/49). Suppose 136 = n*t - 98. Calculate the remainder when t is divided by 17.
10
Let q(o) = o**2 + o + 45. Let n be q(0). Suppose v + 4*v - n = 0. Let i = -6 + v. What is the remainder when 8 is divided by i?
2
Let w be 18/(-18)*(-12 - 1). Let c(k) = -k**2 + 15*k + 2. What is the remainder when (-66)/(-15)*1*25 is divided by c(w)?
26
Let g = 335 + -294. What is the remainder when 91 is divided by g?
9
Let v(y) = -2*y - 4. Let p be v(-6). Let n(d) = d**2 + 12. Let j be n(5). Let u = j - p. What is the remainder when u is divided by 16?
13
Suppose 3*w + 1934 - 2123 = 0. Calculate the remainder when 181 is divided by w.
55
Let w(c) = -c**2 - 2*c + 9. Let o be w(3). What is the remainder when 46 is divided by -1*1*(o + 4 + -5)?
4
Let t = -1969 + 2192. Calculate the remainder when t is divided by 16.
15
Suppose -4*p = 2*k - 0*p - 34, 0 = k + p - 15. What is the remainder when 35 is divided by k?
9
Let n(l) = 2*l**2 - 2. Calculate the remainder when n(14) is divided by 28.
26
Let s be 184/(-18) - 2/(-9). Let k = 19 + s. Calculate the remainder when k is divided by 2*(2 - (-2 - -2)).
1
Let h(p) be the first derivative of -p**3/3 - 15*p**2/2 + 15*p + 16. Calculate the remainder when h(-15) is divided by 4.
3
Let k = 27 - -9. Calculate the remainder when k is divided by (6 - (-7 - -14))/((-2)/26).
10
Suppose -10*h - 4*n = -5*h - 838, 5*n - 495 = -3*h. Let z = h + -137. What is the remainder when 64 is divided by z?
31
Let w(j) = 3*j - 62. Let l = -7 + 59. Let k = l - 29. Calculate the remainder when w(35) is divided by k.
20
Suppose -21 + 3 = -3*q. What is the remainder when 28 is divided by q?
4
Suppose 624 = 4*o + 4*w, -55*w + 53*w = 5*o - 792. What is the remainder when o is divided by 46?
22
Let q(o) = -o - 5. Let y be q(-5). Suppose -2*n - 2*z + 64 = y, -z - 49 = -4*n + 2*n. Calculate the remainder when 2/(-9) - (-546)/n is divided by 12.
8
Suppose -58*x + 61*x = 42. Calculate the remainder when 41 is divided by x.
13
Suppose -242 = 2*r - 4*r + 5*f, -4*r = 2*f - 460. Calculate the remainder when 1158 is divided by r.
114
Suppose -4*r + 139 = x, -5*x + 145 = 5*r - 40. What is the remainder when 58 is divided by r?
24
What is the remainder when 123 is divided by 14/(-6)*-6*(-8 - -9)?
11
Suppose -8*s = -12*s + 108. What is the remainder when 12 is divided by (s/18)/((-6)/(-8))?
0
Suppose 22 = 4*s - 18. Let n = -18 - -9. What is the remainder when 3/(((-27)/28)/n) is divided by s?
8
Suppose -30*t + 1885 + 185 = 0. What is the remainder when t is divided by 35?
34
Let c = 216 - 183. What is the remainder when c is divided by 29?
4
Let c be (-8)/12 + 8/3. Suppose 1 + 17 = c*q. Suppose -3*v = a - 67, 0 = a - 2*v - 52 + 10. Calculate the remainder when a is divided by q.
7
Let x = -144 - -231. Let j = x + -49. What is the remainder when j is divided by 14?
10
Suppose g - 28 = 2*d, 0 = -15*g + 12*g - d + 77. Calculate the remainder when 123 is divided by g.
19
Let d = 1377 - 1353. What is the remainder when 165 is divided by d?
21
Let l(r) = 6*r**2 + 8*r + 25. Calculate the remainder when l(-8) is divided by 58.
55
Suppose 1452 = 45*j - 34*j. Calculate the remainder when j is divided by 1.
0
Let h(z) be the first derivative of 71*z**2/2 - 2*z + 3. Calculate the remainder when h(1) is divided by 24.
21
Let d = 5 - -4. Suppose 3*g - 72 = 5*t, -24 = -g - d*t + 4*t. What is the remainder when 45 is divided by g?
21
Let i(l) = 25*l**2. What is the remainder when i(1) is divided by 360/25 + (-36)/(-60)?
10
Calculate the remainder when 24 is divided by 4/1 - 15/((-9)/3).
6
Let k = 262 + -258. What is the remainder when 5 is divided by k?
1
Suppose 0 = -17*b + 25*b - 1592. What is the remainder when b is divided by 53?
40
Suppose 0 = 3*m - 7 - 284. Calculate the remainder when m is divided by 9.
7
Let z = 30 - 25. Let q(j) = -5*j**2 + 4 - 7*j + z*j**2 + 3*j**2 - 4*j**2. Calculate the remainder when 19 is divided by q(-6).
9
Calculate the remainder when (4/(-2))/(230/92)*-535 is divided by 9.
5
Let k be 0 + (1 - 0 - -3). Suppose 3*y - k*y + 2*s = -39, -s - 38 = -y. Let m(c) = 3*c**2 - 2*c - 3. Calculate the remainder when y is divided by m(-2).
11
Let x be 12 + 7/(7/4). Let b be (-4)/(x/4) - -4. Suppose -5 = -s - b*n, 4*n + 13 = 5*s - 88. What is the remainder when 66 is divided by s?
15
Let y(f) = -f**2 - 15*f + 2. Let s be y(-7). Let o = 140 - s. Calculate the remainder when o is divided by 7.
5
Let a be 0*(8/40)/(1/5). Suppose 3*i = -15, a*w = w + i. Calculate the remainder when 6 is divided by w.
1
Let q(p) = -p**3 - 3*p**2 - 15*p + 12. Calculate the remainder when q(-10) is divided by 32.
30
Let m = 84 - -138. What is the remainder when m is divided by 28?
26
Suppose -z - 4*z = -20. Suppose -13 - 83 = -z*d. Suppose 0 = -2*a - 2*a - 4*s + 68, 2*a - d = 3*s. Calculate the remainder when 43 is divided by a.
13
Let c(h) = -h**2 + 8*h + 28. Let o = -61 + 70. What is the remainder when 52 is divided by c(o)?
14
Let d(u) = -8*u - 16. Suppose -p + 4*l + 24 = 0, 2*l + 17 = -2*p - 3*l. Suppose -4 = p*x - 64. What is the remainder when d(-9) is divided by x?
11
Suppose 63 = r - j, 0 = -r + j + 3*j + 60. What is the remainder when r is divided by 35?
29
Let z = 1212 - 880. Calculate the remainder when z is divided by 84.
80
Let z(k) be the third derivative of k**6/60 - k**5/15 + k**4/24 - 5*k**3/6 - 14*k**2. Calculate the remainder when 60 is divided by z(3).
12
Let l = 348 - 324. What is the remainder when l is divided by 4?
0
Let h = -27 + 58. Let w(r) = -r + 37. What is the remainder when h is divided by w(26)?
9
Let o(l) = l**3 + 6*l**2 - 5*l + 8. Let g(q) = -q - 8. Let v be g(-3). Calculate the remainder when o(v) is divided by 15.
13
Let k = -122 + 116. Calculate the remainder when (16/k - (-1)/(-3)) + 21 is divided by 11.
7
Let z be (-17)/(1*3/(-9)). Suppose s - z = -4*x + 10, 4*x - 223 = -3*s. Calculate the remainder when s is divided by 21.
18
What is the remainder when (-3)/((-15)/10) - -69 is divided by 32?
7
Let f = -6 - -29. Let p(j) = j**2 + 2*j + 3. What is the remainder when p(-9) is divided by f?
20
Suppose 5*h + s + 12 = 44, 5*h - 3*s - 24 = 0. Calculate the remainder when (-1)/(2/(2 + -18)) is divided by h.
2
Suppose 4*y = 2*i - 126, -4*i + 315 = i - 2*y. What is the remainder when 77 is divided by i?
14
Suppose -15 = 6*h - 9*h. Suppose 40 = r - h*r. Calculate the remainder when 13 is divided by 8*(3 - r/(-4)).
1
Let t(j) = 10*j - 17. What is the remainder when t(5) is divided by 31?
2
Let v(x) = x**3 - 12*x**2 - 28*x + 46. What is the remainder when 132 is divided by v(14)?
40
Suppose 34 = -2*c + 3*c. What is the remainder when 372 is divided by c?
32
Suppose 15*j = 3*j + 168. What is the remainder when 135 is divided by j?
9
Let h(l) = 4*l**2 - 14*l - 4. Let u be h(4). Suppose 0 = 3*d - 5*a + a - 89, -5*d - u*a = -95. What is the remainder when d is divided by 13?
10
Let q = -37 + 68. What is the remainder when (1 + -2)*-94 - (8 + -6) is divided by q?
30
Suppose -4*d = -9*d + 50. Calculate the remainder when 558 is divided by d.
8
Suppose -10*u = -8*u - 44. Calculate the remainder when 51 is divided by u + -21 + 17*1.
15
Let y(n) = n + 22. Suppose -3*s = 2*x - 1 + 9, s - 12 = 3*x. Calculate the remainder when y(s) is divided by 5/(-20) + (-297)/(-36).
6
Suppose -o + 3*q = 0, 2*o + 4*q - 7 = 3. Suppose -o*t + 390 = 4*j, 4*t = 3*j + 133 + 387. Calculate the remainder when t is divided by 12.
10
Let z = 8 + -6. Suppose -5*j - 4 = 2*t, 3*t = -5*j + z*t - 7. What is the remainder when 25 - j/((-4)/6) is divided by 8?
6
Suppose -114*w = -105*w - 54. Let h(q) be the first derivative of -q**2/2 + q + 1. What is the remainder when w is divided by h(-1)?
0
Suppose 136 = 4*j - 3*r, 4*r - 77 = 2*j - 5*j. What is the remainder when j is divided by 24?
7
Suppose 4*u - 5*r - 29 = 2*u, 0 = 3*u - 4*r - 26. Let z(k) = k**2 + k + k + 11*k**3 - k - u*k. Calculate the remainder when z(1) is divided by 7.
4
Suppose i = -i + 10. Calculate the remainder when 138/8